v**2 + v - 2. Suppose 5*g - 1432 = r + 103, -r + 5 = 0. Let c = g - 306. What is k(c)?
-20
Let f(h) = 17*h**3 - 80*h**2 + 7*h - 9. Let d(g) = 13*g**3 - 61*g**2 + 5*g - 7. Let q(w) = 13*d(w) - 10*f(w). Determine q(6).
5
Let r(a) = -2*a**3 - 2*a**2 - 3*a - 3. Let o(g) = g**2 + 14*g + 36. Let z be o(-11). Suppose 5*j - 7*j + 8 = -3*x, -z*j - x - 10 = 0. What is r(j)?
11
Let j(w) = 2*w**2 + 4*w + 3. Suppose -g = 3*g - 244. Let b = 187 - 129. Let x = b - g. Give j(x).
9
Suppose 29*w = 27*w + 4. Let y(b) = 4 - 7 + w*b + 6*b - 2*b. Suppose 0 = 232*j - 237*j + 15. Calculate y(j).
15
Let f(b) be the second derivative of 1/24*b**4 + 1/60*b**5 - 1/3*b**3 + 8*b + 0 + 3*b**2. Let o(k) be the first derivative of f(k). Give o(0).
-2
Suppose 3*i + 66 = 3*q, -4*q - i + 546 = 488. Let w(x) = -x**3 + 15*x**2 + 19*x - 56. Determine w(q).
-8
Let k be 24/(-15)*20/8. Let r(o) = 2*o**3 + 2*o**2 + 3*o - 6. Let d(x) = x**3 + 2*x - 5. Let i(n) = 3*d(n) - 2*r(n). Calculate i(k).
-3
Let f(w) = -8*w**2 - 11*w + 9. Let j(v) = 5*v**2 + 6*v - 6. Let p(d) = -4*f(d) - 7*j(d). Let i(c) = 7*c**2 - 5*c - 16. Let y(s) = -3*i(s) - 8*p(s). Give y(-1).
4
Let a be -5 + (-24)/(-4) + 8. Let r(j) = -j**3 + 8*j**2 + 13*j - 5. What is r(a)?
31
Suppose 99 = 15*i - 4*i. Let b(a) = a**3 - 11*a**2 + 22*a - 42. Let k be b(i). Let n(t) = t**3 + 6*t**2 - 5. What is n(k)?
-5
Let k be 79/7 - (-28)/(-98). Suppose 8 = 15*n - k*n. Let l(c) = 134 - 266 - 7*c + 133 + c**n. Calculate l(3).
-11
Let l(d) = -3*d**2 - d**2 + 4 - 1 + 37*d + 6*d**2 - 44*d. Determine l(5).
18
Suppose -46 = -2*i - 3*u, 8*u + 23 = i + 4*u. Suppose 2*j + i = -5*v, 4*j + 0*v = 2*v + 14. Let a(w) = 1 - w**2 - j + 3*w + 0*w. Give a(4).
-4
Let l(p) = 6*p**3 + 27*p**2 - 42. Let h(v) = v**3 + v**2 - 4. Let a(t) = -5*h(t) + l(t). Give a(-22).
-22
Let o(g) = 3*g**2 + 9*g - 2. Let j(f) = -4*f**2 - 16*f + 3. Let d(y) = -5*j(y) - 7*o(y). What is d(17)?
-1
Let v(x) = -3*x**2 + 36*x + 23. Let u(b) = -b**2 + 12*b + 7. Let l(a) = -11*u(a) + 4*v(a). What is l(12)?
15
Let t = -11677 - -11679. Let j(z) be the third derivative of 4/3*z**3 - 1/6*z**4 + 34*z**t + 0 + 0*z. Determine j(8).
-24
Let x(t) = -283 + 278 - 74*t + 67*t + 3*t**3 - 21*t**2. Let c = 2 - -6. Let b(w) = 5*w**3 - 32*w**2 - 10*w - 8. Let f(u) = c*x(u) - 5*b(u). Calculate f(-7).
-7
Let s(c) = -c**2 - 8*c + 50. Let l be s(-12). Let j(k) = k - 2*k**3 - l*k + 2*k + 491*k**2 - 492*k**2. Determine j(2).
-18
Let p(u) = -u**2 - 15*u + 34. Let l be p(-17). Let n(f) = 7*f - f**2 + l*f - 5 + f**2 - f**2. Let v be 12/(-8)*-6 + -3. Determine n(v).
1
Suppose 0 = 3*v - i - 31, 2*v + 2*i + 44 = 6*v. Let u(c) = -3*c**3 + 62*c - 105*c + v*c**2 + 52*c + 2*c**3 - 13. Determine u(10).
-23
Let j(k) = k - 8*k - 17 + 3*k - k. What is j(-3)?
-2
Let l(u) be the second derivative of u**4/6 - u**3/3 - 3*u**2/2 - 1788*u. Suppose 6*w = 3*w - j - 4, j + 8 = -5*w. Determine l(w).
9
Let p(z) = 12*z. Suppose 3*w = -g - 11, 4*g - 34 + 3 = 3*w. Suppose -g*f = 3*i - 15, -2*f - 10 = -5*i + 3*i. Suppose -4 = i*q - r + 2, -14 = q + 3*r. Give p(q).
-24
Let n(h) = -5 + 2*h**2 - 362*h + 362*h. Suppose -104 = 6*i - 32*i. What is n(i)?
27
Let a(q) = q**2 - 28*q + 88. Suppose 4*m - 3*g - 104 = -m, -3*m + 40 = -5*g. What is a(m)?
13
Let a = 19740 - 19743. Suppose -3*o - 5*d = -24 - 13, 4*o - 3*d - 1 = 0. Let n(m) = m. Let c(j) = -3*j + 6. Let i(k) = o*n(k) + c(k). Determine i(a).
3
Let t(w) = 1198*w**2 - 2354*w**2 + 1155*w**2 - 43*w - 124. Calculate t(-40).
-4
Let t(o) = o**3 + 34*o**2 + 15*o**2 - 52*o**2 - 14 - o. Determine t(5).
31
Suppose -559*b + 526*b = -363. Let f(h) = h**2 - 13*h + 22. What is f(b)?
0
Let w be (1 - 2/4) + (-55)/(-10). Let t(z) = -3*z + 23. Let k be t(w). Let y(n) = n**3 - 6*n**2 + 6*n + 7. Give y(k).
12
Let t(w) = 1 + 5*w + 404*w**2 - 90*w**2 - 113*w**2 - 97*w**2 - 91*w**2. Give t(-1).
9
Let t(d) = 1999*d**2 + 8*d + 49. Let h(r) = 714*r**2 + 3*r + 17. Let v(a) = -14*h(a) + 5*t(a). Let j be 2 + (0 - 3) + -2. Calculate v(j).
4
Let t(g) be the third derivative of -g**4/6 + 19*g**3/3 - 26*g**2. Let o be t(8). Let r(q) = -q**2 + 9*q - 9. Determine r(o).
9
Let p(u) = 5*u**2 - 504*u - 94. Let w be p(101). Let y(n) = -n**3 + 6*n**2 + 2*n - 2. What is y(w)?
-37
Let c(m) = -m**2 - 17*m - 7. Let y be c(-16). Let x(k) = -2*k + 3*k - 3*k - y + 3. Let q(w) = -5*w + 43. Let t be q(10). Calculate x(t).
8
Let s = 78 + -76. Suppose -15 = -s*z - 23. Let j(k) = -k**3 + k - 1. Let c(i) = -5*i**3 + 4*i**2 + 5*i + 3. Let d(a) = z*j(a) + c(a). Give d(5).
-13
Let k(o) = -o**3 + 7*o**2 - 8*o - 1. Let y be k(5). Let q(x) = -3*x - 9 - 7*x + y*x**3 - 8*x**2 - 10*x**3. What is q(-7)?
12
Let q(c) be the second derivative of -c**5/20 - 2*c**4/3 - 17*c**3/6 - 17*c**2/2 + 881*c - 1. What is q(-5)?
-7
Let d = -113 + 116. Let l(i) = 7 - 5 + 3*i**3 - i**2 - 1 + 11*i**d. What is l(1)?
14
Let p(h) = -6*h + 96. Let t be p(9). Let v(d) = t*d - d**2 - 18*d - 17*d + 2. Suppose -3*z = z - 32. What is v(z)?
-6
Let g(t) be the third derivative of t**8/20160 + t**7/5040 + t**6/240 - 7*t**5/20 + t**2 - 5. Let h(s) be the third derivative of g(s). What is h(-4)?
15
Let u be (-2)/4*(-4)/(-2)*0. Suppose -4*v + u*v - 4*j + 140 = 0, 0 = -3*v - 4*j + 103. Let m(k) = 34 - k + 0*k - v. Calculate m(4).
-7
Let w be (((-8)/(-12))/1)/(1/15). Let m(r) = w + r + 0 - 4 + 4. Give m(-8).
2
Let z(v) = -v**3 + 8*v**2 - 4*v - 1. Suppose 0 = 7*d - 12*d + 60. Suppose -d*s + 79 + 17 = 0. Give z(s).
-33
Let z = 3646 - 3651. Let o(p) = -12*p. Determine o(z).
60
Let b(p) = -p**3 - 7*p**2 - 10*p - 29. Let q be b(-4). Let z = q - -39. Let s(r) = 4*r**2 + r - 1. Give s(z).
17
Let c(z) be the second derivative of z**5/20 - z**2/2 - z. Suppose 149*r - 310*r + 72 = -125*r. What is c(r)?
7
Let t be (-8)/28*-7 + -208. Let g = -198 - t. Let c(n) = 0 + 1 - 9*n**2 - 2 + 6*n + n**3. Determine c(g).
-17
Let r(g) = 13 + 5*g**2 - 6*g**2 - g + 8*g. Suppose -5*p - 2*i = -41, -10*p + 8*p - 5*i + 8 = 0. Determine r(p).
-5
Suppose 61*n - 52*n = 3987. Let o = n + -450. Let s(h) = -h**2 - 5*h - 2. Calculate s(o).
-16
Let n(i) = -i**2 - 98*i - 1. Let r(o) = -o**3 + 12*o**2 + 406*o - 39. Let k(s) = -4*n(s) - r(s). Give k(9).
-2
Suppose -15195*q - 49 = -15188*q. Let y(t) = t**2 + 3*t + 6. What is y(q)?
34
Let r(i) = 5*i**2 + 3*i - 6. Suppose -2*j - 5*k + 46 = 0, -20*k - 14 = -2*j - 21*k. Determine r(j).
48
Let v(j) = -j**3 + 4*j**2 + 27*j + 13. Let r be v(-3). Let m(d) be the second derivative of 0 + 3/2*d**2 - 3*d + 1/2*d**3. Determine m(r).
-12
Let b(r) = r**3 - 15*r**2 + 49*r + 14. Let h be -2 + 11 + (5 - (7 + -3)). Calculate b(h).
4
Let t(d) = d**3 + 12*d**2 - 2*d - 13. Let k = 4310 + -4322. Calculate t(k).
11
Let q(h) be the second derivative of -h**4/12 + h**3/2 - 9*h**2/2 - 2*h. Let y(t) = 38*t + 82. Let u be y(-2). Give q(u).
-27
Let i be (-28)/(-6) + (-10)/15. Let d be ((-6)/9)/(68/(-4590)). Suppose -4*b + 2*b - 38 = i*o, 0 = 5*o + 2*b + d. Let l(k) = k**2 + 6*k - 10. What is l(o)?
-3
Let y(d) be the first derivative of -d**2/2 + 13*d + 13. Let q be y(-3). Let u(p) = 14*p**2 - q - 6*p**2 + 23 - 3*p**3 - 5*p + 2*p**3. Give u(7).
21
Let b(d) = 4*d + 135. Let p(g) = 21*g**3 - 106*g**2 + 4*g - 26. Let f be p(5). Calculate b(f).
11
Suppose 335 = -14*l - 41 + 82. Let d(h) = h**3 + 22*h**2 + 20*h - 27. Determine d(l).
-6
Let z be (652/(-6))/(((-110)/(-15))/(-11)). Let a(n) = 154*n + z*n - 323*n. Calculate a(1).
-6
Let a be -4 + -10 + 9 + 5. Suppose a = 224*x - 233*x + 36. Let z(y) = -4*y**2 - 3*y + 2*y**2 + 3*y**2 + 2. Give z(x).
6
Let x(b) = 2*b - 35. Let q(i) = 9*i - 166. Let w be q(20). Suppose -10*z + 11*z - w = 0. Determine x(z).
-7
Let o(v) = v + 15. Let l be o(0). Let t = l + -8. Let c(a) = -t*a**2 + a**3 - 3 - 10*a + 5*a + 10*a + a. Determine c(6).
-3
Let k = -176 + 177. Let o(d) = -k - 3 + 2*d - 4 - 1 + d. Give o(2).
-3
Let j = 35 + -28. Let u(x) be the second derivative of -x**6/240 + x**5/20 + 9*x**4/4 - 6*x. Let g(z) be the third derivative of u(z). Determine g(j).
-15
Let f(p) = p**3 - 8*p**2 + 6. Let m be f(8). Let d(r) = -m*r - 6*r - 8*r + 22*r. What is d(-5)?
-10
Suppose k = -y - 38 + 39, -5*y + 5 = 4*k. Suppose -247*b + 249*b - 18 = k. Let x(d) = -d**2 + 10*d - 11. Give x(b).
-2
Let u(v) = v - 13. Suppose 3*j - 14 + 61 = 4*s, -8*j + 5*s = 97. Calculate u(j).
-22
Let z(k) be the th